-11 - (6 + 0)
-3
Calculate 5 + -13 + 6 + -7 - -4.
-5
What is the value of -29 + (32 - 15) - -17 - 11?
-6
What is the value of (3 - (17 - 16 - 7)) + 1?
10
10 + -8 + 47 + (-32 - -16)
33
Evaluate -13 - (13 + (-2 - 8)) - 18.
-34
Evaluate -17 + -1 + 155 + -148 + 13.
2
Calculate -1064 + 1073 + (-1 - (31 - -2)).
-25
Evaluate -1 + 17 + (-4 - -3).
15
Calculate (-183 - -190) + (-2 - (-3 - -3)).
5
What is 23 + -9 - (6 - -15)?
-7
Calculate -6 - (-8 - 2 - (6 - 11)).
-1
Calculate -12 - (-4 - -3 - (49 + -41)).
-3
What is 18 + -26 + -5 + (26 - (1 - -1))?
11
Calculate 4 - 14 - (-3 + 11 - (30 - -11)).
23
What is the value of (2 - (-6 + 1)) + 985 + -997?
-5
Evaluate -43 + (80 - 35) + 15.
17
Calculate (-4 - 23 - -7) + (-35 - -23).
-32
Evaluate -3 - 3 - (-19 + (10 - (10 + -1))).
12
Evaluate (-7 - -20 - 7) + (-22 - 0).
-16
Evaluate (4 - (7 + 5)) + 2.
-6
What is (1 - (32 - 42)) + -2 + -6?
3
What is 3 + (3 - (-1 + 2 - (-24 + 13)))?
-6
Evaluate 15 - 19 - (29 - (8 + -6)).
-31
What is 25 - 23 - (1 + 1 + 25)?
-25
7 - 0 - ((-12 - -4) + 7 + 5)
3
(2 - 5) + -2 - ((-28 - -10) + 18)
-5
(29 - (10 + 22)) + (-1 - 0)
-4
Calculate -2 - ((-4 - (-19 - -10)) + -11).
4
What is (50 + -4 - 9) + -23?
14
Evaluate -103 - -88 - (-3 - (0 - 8)).
-20
What is the value of -16 - -2 - (-1 - (4 - 0)) - 8?
-17
What is the value of 3 + 1 + -9 + 10 + -2 + -4?
-1
What is the value of 12 + -11 - 18 - 6?
-23
What is the value of (28 - (-1 + 9)) + 0?
20
11 + (-2 - 22) + -3
-16
What is the value of 19 + -9 + -15 + 15?
10
Calculate 35 - 37 - (-6 + 2).
2
(15 + -1 - 16) + -12
-14
Evaluate 4 - ((-4 - -1) + (2 - -13 - -1)).
-9
What is the value of (28 - 14 - 5) + 7?
16
What is the value of (14 - 27) + -2 + 14?
-1
Calculate 1 + 12 - (-90 - -90).
13
24 - (30 + -29 - -19)
4
Calculate -4 - (5 - (1 - 0)) - -8.
0
What is 1 + 4 - (36 + -33)?
2
What is (0 - 2) + 4 + (17 - 17)?
2
What is the value of -9 + (20 - (-21 - -49))?
-17
What is (-34 - -21) + 11 - (-30 + 4 - -3)?
21
Evaluate (-9 + 2 - (-4 + -1)) + (-8 - -4).
-6
Evaluate (-63 + 13 - -23) + 13.
-14
What is the value of (6 - -4 - 4) + -2 + -11?
-7
What is the value of -5 - 2 - (29 + (-17 - 8))?
-11
5 - (-21 - (-19 - -4))
11
What is 9 - (47 - (23 - 12 - -1))?
-26
-28 - (-29 + 29 + -12)
-16
Evaluate -1 - (8 - (12 + 5)).
8
What is the value of -28 - (-1 + -9) - -8?
-10
Calculate 2 + (2 + 2 - (-8 + 4 + 10)).
0
What is the value of -4 + (3 + 1 - 9) - (-53 - -17)?
27
What is 0 + 9 - (70 - 61)?
0
Calculate -14 + (1 - -9) - 7 - 7.
-18
What is -1 + 10 - -1 - (-15 + 21)?
4
What is (-12 + 15 - 8) + (-4 - (1 - 8))?
-2
Evaluate -1 - (-5 + (2 + 10 - 8 - -3)).
-3
Evaluate -7 + 1 + -17 + (-5 - -29).
1
Evaluate (-127 - -153) + (-20 - -5).
11
What is the value of -2 + 1 + -1 + 3 + -1847 + 1839?
-7
What is 4 - 57 - (56 - 87)?
-22
(89 - 80) + 2 + 28 + -11
28
Evaluate 19 - ((4 - 6) + 27).
-6
Calculate (-2 - 0) + -1 + (-19 - -24).
2
Evaluate 0 + 0 + 3 + -359 + 358.
2
-9 + -4 - (-14 - (14 - 20))
-5
What is 10 + -6 - (-65 + 73)?
-4
Evaluate (-3 - (-6 + 4)) + (10 - 12).
-3
What is the value of -10 + 3 + 3 + 5?
1
What is the value of -39 + (-24 - (-18 - 36))?
-9
(-16 + 30 - -43) + -16 - 7
34
Evaluate -7 + (137 - 148 - (1 + -30)).
11
1 + (-3 + -5 - -9) - 1
1
Evaluate (1 - (-1 - 6)) + -12 + (-100 - -71).
-33
-2 + (7 - -10 - (25 + -22))
12
-6 + (2 - 10) + -177 + 172
-19
Calculate 48 + -18 - 16 - (-4 - -22).
-4
What is 12 + 11 + -1 + (-1 - -13)?
34
What is the value of -7 + (36 + -30 - (-3 - 18))?
20
What is the value of 62 + (5 - (11 - -29))?
27
What is (-12 + 34 - 16) + 8?
14
What is the value of (-18 - -11) + 5 + -10 + (0 - 0)?
-12
What is 15 + -17 + (-17 + 50 - 12)?
19
-24 + (33 - -1) + 13
23
What is (-4 - 4) + 13 + -7 + (-3 - 1)?
-6
What is the value of (-27 - (-5 + -13)) + -6?
-15
What is the value of (14 - 33) + 12 + 9 + -16?
-14
Evaluate (28 - (8 - -3)) + -3.
14
8 - 1 - (1 + 5 - -9)
-8
Evaluate 237 + -233 - (2 - (-13 + 0)).
-11
Evaluate (3 - 11) + (3 - -1) - (9 - 23).
10
(-38 - -16) + 18 - (-2 - -1)
-3
(-1 - 1) + (-1 - (-4 + (3 - -3)))
-5
What is 4 + -9 + (8 - 9 - -11)?
5
Evaluate (13 + (2 - 7) - (1 + 1)) + -8.
-2
1 - (28 - -34) - -39
-22
What is (7 - -2) + -161 + 153 + 6?
7
Evaluate -5 + (-12 - (-21 + 2)).
2
What is (-3 - (1 + -10)) + -22 + 3 + 2?
-11
Evaluate 7 + (7 - 13) - (-2 - (-2 + 6)).
7
Evaluate -11 + -5 + (-2 - (-14 - -12)).
-16
What is the value of (-10 - (-30 - -10)) + -2?
8
What is the value of (3 - 40) + -4 - (-40 - (-21 + -9))?
-31
Calculate (-7 - (0 - 20)) + -6.
7
What is the value of -2 + -2 + 1 + 1 + -161 + 163?
0
What is 0 - -4 - (6 + -15 - (5 - 5))?
13
What is 6 - -3 - 15 - (0 - 12)?
6
What is 4 - (-10 + (31 - (5 - 8)))?
-20
Calculate 25 + (-16 - (8 + -16 + -1)).
18
Evaluate 8 + (-8 + 5 - -18) + -11.
12
Calculate 14 - (-6 - (-5 - 2) - -27).
-14
What is (8 + -4 + -3 - 1) + 6 - 6?
0
Evaluate 16 + 1 + (-39 - (-56 + 16)).
18
Evaluate 3 - (4 + 0) - 12 - 6.
-19
What is -3 + (5 - (-20 + (4 - -8)))?
10
1 + (0 - (0 - -5)) + 2 + -10
-12
What is -6 + -158 + 154 + (-1 - 11)?
-22
(1 - -2) + (5 - 12) + 11 - -4
11
Evaluate 1 + (-13 + 10 - 0 - (1 - -14)).
-17
What is -9 + 25 - (10 + 3)?
3
What is the value of 9 + -9 + -16 + 1 + 2 + 5?
-8
-3 + 9 + 1 + (19 - -5) + -10
21
What is the value of -4 - -22 - (2 + 0)?
16
-1176 + 1147 - (-1 + -12)
-16
Evaluate 11 + (-8 - -18 - 11) - -2.
12
What is the value of 36 - 34 - (61 + -25)?
-34
Calculate -1 + 0 + 1 + 4 + 1 - -9.
14
What is the value of -9 - (-21 + -29) - (12 - 1)?
30
What is -1 + 14 + (9 - 10) + -6?
6
What is -1 + 1 - -7 - (-467 - -489)?
-15
What is -4 - (-18 + (-1 - 4) + 3 + 5)?
11
Evaluate (4 - (2 + 2)) + -84 + 63.
-21
Calculate -7 + (-1 - (2 + -3 + -5)).
-2
Calculate 24 - -1 - (26 + 16 - 26).
9
Evaluate 6 - (6 - -5) - (0 + 2 - -14).
-21
What is 3 - (-39 + 37 + -7 + 0)?
12
Evaluate 6 + (-17 - -26 - (-11 - -1)).
25
Evaluate 27 + -6 + -19 - 11.
-9
What is -1 + 1 + (3 - -1) + -51 + 52?
5
What is the value of -21 + 4 - ((1 + -1 - -4) + -7)?
-14
Calculate 14 + 5 + -8 + -28.
-17
What is (-14 - (-4 + 10)) + (-2 - (-6 + -1))?
-15
What is -2 - (9 - 15) - (-16 - -8)?
12
Evaluate -11 + (0 - (25 - (4 - 2)) - 1).
-35
What is the value of -13 + (-4 - (-28 - -6))?
5
What is the value of 4 - (6 + (7 - 23) + 8)?
6
Calculate -13 + (4 + 10 - 10).
-9
(-97 - -123) + 11 + -12
25
Calculate 1 + 35 + (-382 - -368).
22
Calculate -1 - (6 + (-7 - 3) + -6).
9
What is the value of (-1 - 0) + 11 + -18?
-8
-4 - 3 - (-18 - (-11 - -6)) - -7
13
Calculate -15 + 18 + 10 + -8 + -28.
-23
Calculate -82 - -93 - (-2 + 20) - -21.
14
What is -33 - -48 - 15 - (17 + (3 - 2))?
-18
Calculate (14 - -1) + -14 + -17 + -16 + 6.
-26
Evaluate 4 + -6 + 9 - (-10 - -36).
-19
Calculate 52 - (8 + (-11 - 12) + 30).
37
What is -2 + -4 + -6 + 13 + 4?
5
Calculate -15 + 0 + -9 + 43 + -43.
-24
What is (0 - -8 - 4) + (-22 - (2 - 4))?
-16
What is (21 - (22 + 2)) + 0 + -3 + 0?
-6
What is the value of (-1 - (0 + -1)) + -41 + 44?
3
Calculate (5 - -6) + -4 - (-1 + 4).
4
What is -16 - (14 - (-5 + 14) - -9)?
-30
What is the value of 7 - (-12 - (-14 + -4))?
1
Calculate -8 + -6 - (-4 + 5).
-15
Calculate 8 - (-7 + 20) - -15.
10
-28 + 19 - (-31 - 3 - 3) - 2
26
Calculate (-1 + -5 - -15) + 5 + -12 + 6.
8
What is the value of 5 - (37 + -16 + -3)?
-13
Evaluate (1 + 2 - -5) + 5 + -14 + -17.
-18
Evaluate (10 + -9 + -8 - (4 - 1)) + -5.
-15
Calculate (5 - (3 - 6)) + -8 - 8.
-8
Calculate (14 - (16 - 4) - 12) + 8.
-2
Calculate 8 + (-15 - 6) + 2.
-11
-1 + 12 + (-21 - -33 - (1 - -8))
14
Evaluate 3 + (-6 - -18 - 15) + (-23 - 1).
-24
Evaluate (6 - -8 - 3 - 10) + -17.
-16
-29 - ((-140 - -151) + 1 + -6 - 16)
-19
-6 + (4 - -6) - (7 + 6 - 0)
-9
What is the value of -9 - ((11 - 15 - 8) + 18)?
-15
What is the value of (-12 - -24) + (3 - 18)?
-3
Evaluate -5 - ((-12 - 13) + 21).
-1
Evaluate (0 - (0 + (2 - 1))) + -26 + 10.
-17
Evaluate 63 + -29 + 9 + -38.
5
What is the value of 13 + (15 + -43 - -5)?
-10
-1 - -2 - (6 - 18 - 16)
29
Calculate -12 - ((-14 - -31 - 6) + 6 + -5).
-24
What is (-14 - -6 - 7) + 46?
31
What is the value of -7 - (8 + 14 + -19)?
-10
What is the value of (20 - -5) + -33 - (-7 + -1)?
0
What is -8 + ((39 - 13) + -12 - 3)?
3
Calculate 12 - (-1 + 2 + 0 + (-11 - -17)).
5
-6 - (-12 + 8) - (-1 - 1 - -1)
-1
Evaluate -206 + 233 + 2 + 3.
32
What is (-11 + 12 + 19 + -9 - -9) + -2?
18
What is the value of 11 + 12 - (-8